{"id":600,"date":"2025-12-17T17:48:25","date_gmt":"2025-12-17T17:48:25","guid":{"rendered":"https:\/\/chaletlangelina.esdi.ovh\/?page_id=600"},"modified":"2026-02-13T19:19:54","modified_gmt":"2026-02-13T19:19:54","slug":"reserver","status":"publish","type":"page","link":"https:\/\/chaletlangelina.com\/index.php\/reserver\/","title":{"rendered":"RESERVER"},"content":{"rendered":"\t\t<div data-elementor-type=\"wp-page\" data-elementor-id=\"600\" class=\"elementor elementor-600\" data-elementor-post-type=\"page\">\n\t\t\t\t<div class=\"elementor-element elementor-element-09eec25 e-flex e-con-boxed e-con e-parent\" data-id=\"09eec25\" data-element_type=\"container\" data-settings=\"{&quot;background_background&quot;:&quot;classic&quot;}\">\n\t\t\t\t\t<div class=\"e-con-inner\">\n\t\t\t\t<div class=\"elementor-element elementor-element-d6e5f6f elementor-widget elementor-widget-heading\" data-id=\"d6e5f6f\" data-element_type=\"widget\" data-widget_type=\"heading.default\">\n\t\t\t\t<div class=\"elementor-widget-container\">\n\t\t\t\t\t<h2 class=\"elementor-heading-title elementor-size-default\">Effectuer v\u00f4tres pr\u00e9-r\u00e9servation ici !<\/h2>\t\t\t\t<\/div>\n\t\t\t\t<\/div>\n\t\t\t\t\t<\/div>\n\t\t\t\t<\/div>\n\t\t<div class=\"elementor-element elementor-element-fb63025 e-flex e-con-boxed e-con e-parent\" data-id=\"fb63025\" data-element_type=\"container\" data-settings=\"{&quot;background_background&quot;:&quot;classic&quot;}\">\n\t\t\t\t\t<div class=\"e-con-inner\">\n\t\t<div class=\"elementor-element elementor-element-dcb5045 e-con-full e-flex e-con e-child\" data-id=\"dcb5045\" data-element_type=\"container\" data-settings=\"{&quot;background_background&quot;:&quot;classic&quot;}\">\n\t\t\t\t<\/div>\n\t\t<div class=\"elementor-element elementor-element-2088480 e-con-full e-flex e-con e-child\" data-id=\"2088480\" data-element_type=\"container\" data-settings=\"{&quot;background_background&quot;:&quot;classic&quot;}\">\n\t\t\t\t<div class=\"elementor-element elementor-element-18e0927 elementor-widget elementor-widget-text-editor\" data-id=\"18e0927\" data-element_type=\"widget\" data-widget_type=\"text-editor.default\">\n\t\t\t\t<div class=\"elementor-widget-container\">\n\t\t\t\t\t\t\t\t\t<h1><strong>Chalet 8 Personnes<\/strong><\/h1>\t\t\t\t\t\t\t\t<\/div>\n\t\t\t\t<\/div>\n\t\t\t\t<div class=\"elementor-element elementor-element-2059e36 elementor-icon-list--layout-traditional elementor-list-item-link-full_width elementor-widget elementor-widget-icon-list\" data-id=\"2059e36\" data-element_type=\"widget\" data-widget_type=\"icon-list.default\">\n\t\t\t\t<div class=\"elementor-widget-container\">\n\t\t\t\t\t\t\t<ul class=\"elementor-icon-list-items\">\n\t\t\t\t\t\t\t<li class=\"elementor-icon-list-item\">\n\t\t\t\t\t\t\t\t\t\t\t<span class=\"elementor-icon-list-icon\">\n\t\t\t\t\t\t\t<svg aria-hidden=\"true\" class=\"e-font-icon-svg e-fas-bed\" viewBox=\"0 0 640 512\" xmlns=\"http:\/\/www.w3.org\/2000\/svg\"><path d=\"M176 256c44.11 0 80-35.89 80-80s-35.89-80-80-80-80 35.89-80 80 35.89 80 80 80zm352-128H304c-8.84 0-16 7.16-16 16v144H64V80c0-8.84-7.16-16-16-16H16C7.16 64 0 71.16 0 80v352c0 8.84 7.16 16 16 16h32c8.84 0 16-7.16 16-16v-48h512v48c0 8.84 7.16 16 16 16h32c8.84 0 16-7.16 16-16V240c0-61.86-50.14-112-112-112z\"><\/path><\/svg>\t\t\t\t\t\t<\/span>\n\t\t\t\t\t\t\t\t\t\t<span class=\"elementor-icon-list-text\">4 Chambres<\/span>\n\t\t\t\t\t\t\t\t\t<\/li>\n\t\t\t\t\t\t\t\t<li class=\"elementor-icon-list-item\">\n\t\t\t\t\t\t\t\t\t\t\t<span class=\"elementor-icon-list-icon\">\n\t\t\t\t\t\t\t<svg aria-hidden=\"true\" class=\"e-font-icon-svg e-fas-bath\" viewBox=\"0 0 512 512\" xmlns=\"http:\/\/www.w3.org\/2000\/svg\"><path d=\"M32,384a95.4,95.4,0,0,0,32,71.09V496a16,16,0,0,0,16,16h32a16,16,0,0,0,16-16V480H384v16a16,16,0,0,0,16,16h32a16,16,0,0,0,16-16V455.09A95.4,95.4,0,0,0,480,384V336H32ZM496,256H80V69.25a21.26,21.26,0,0,1,36.28-15l19.27,19.26c-13.13,29.88-7.61,59.11,8.62,79.73l-.17.17A16,16,0,0,0,144,176l11.31,11.31a16,16,0,0,0,22.63,0L283.31,81.94a16,16,0,0,0,0-22.63L272,48a16,16,0,0,0-22.62,0l-.17.17c-20.62-16.23-49.83-21.75-79.73-8.62L150.22,20.28A69.25,69.25,0,0,0,32,69.25V256H16A16,16,0,0,0,0,272v16a16,16,0,0,0,16,16H496a16,16,0,0,0,16-16V272A16,16,0,0,0,496,256Z\"><\/path><\/svg>\t\t\t\t\t\t<\/span>\n\t\t\t\t\t\t\t\t\t\t<span class=\"elementor-icon-list-text\">3 salles de bain<\/span>\n\t\t\t\t\t\t\t\t\t<\/li>\n\t\t\t\t\t\t\t\t<li class=\"elementor-icon-list-item\">\n\t\t\t\t\t\t\t\t\t\t\t<span class=\"elementor-icon-list-icon\">\n\t\t\t\t\t\t\t<svg aria-hidden=\"true\" class=\"e-font-icon-svg e-fas-running\" viewBox=\"0 0 416 512\" xmlns=\"http:\/\/www.w3.org\/2000\/svg\"><path d=\"M272 96c26.51 0 48-21.49 48-48S298.51 0 272 0s-48 21.49-48 48 21.49 48 48 48zM113.69 317.47l-14.8 34.52H32c-17.67 0-32 14.33-32 32s14.33 32 32 32h77.45c19.25 0 36.58-11.44 44.11-29.09l8.79-20.52-10.67-6.3c-17.32-10.23-30.06-25.37-37.99-42.61zM384 223.99h-44.03l-26.06-53.25c-12.5-25.55-35.45-44.23-61.78-50.94l-71.08-21.14c-28.3-6.8-57.77-.55-80.84 17.14l-39.67 30.41c-14.03 10.75-16.69 30.83-5.92 44.86s30.84 16.66 44.86 5.92l39.69-30.41c7.67-5.89 17.44-8 25.27-6.14l14.7 4.37-37.46 87.39c-12.62 29.48-1.31 64.01 26.3 80.31l84.98 50.17-27.47 87.73c-5.28 16.86 4.11 34.81 20.97 40.09 3.19 1 6.41 1.48 9.58 1.48 13.61 0 26.23-8.77 30.52-22.45l31.64-101.06c5.91-20.77-2.89-43.08-21.64-54.39l-61.24-36.14 31.31-78.28 20.27 41.43c8 16.34 24.92 26.89 43.11 26.89H384c17.67 0 32-14.33 32-32s-14.33-31.99-32-31.99z\"><\/path><\/svg>\t\t\t\t\t\t<\/span>\n\t\t\t\t\t\t\t\t\t\t<span class=\"elementor-icon-list-text\">Une salle de sport<\/span>\n\t\t\t\t\t\t\t\t\t<\/li>\n\t\t\t\t\t\t\t\t<li class=\"elementor-icon-list-item\">\n\t\t\t\t\t\t\t\t\t\t\t<span class=\"elementor-icon-list-icon\">\n\t\t\t\t\t\t\t<svg aria-hidden=\"true\" class=\"e-font-icon-svg e-fas-spa\" viewBox=\"0 0 576 512\" xmlns=\"http:\/\/www.w3.org\/2000\/svg\"><path d=\"M568.25 192c-29.04.13-135.01 6.16-213.84 83-33.12 29.63-53.36 63.3-66.41 94.86-13.05-31.56-33.29-65.23-66.41-94.86-78.83-76.84-184.8-82.87-213.84-83-4.41-.02-7.79 3.4-7.75 7.82.23 27.92 7.14 126.14 88.77 199.3C172.79 480.94 256 480 288 480s115.19.95 199.23-80.88c81.64-73.17 88.54-171.38 88.77-199.3.04-4.42-3.34-7.84-7.75-7.82zM287.98 302.6c12.82-18.85 27.6-35.78 44.09-50.52 19.09-18.61 39.58-33.3 60.26-45.18-16.44-70.5-51.72-133.05-96.73-172.22-4.11-3.58-11.02-3.58-15.14 0-44.99 39.14-80.27 101.63-96.74 172.07 20.37 11.7 40.5 26.14 59.22 44.39a282.768 282.768 0 0 1 45.04 51.46z\"><\/path><\/svg>\t\t\t\t\t\t<\/span>\n\t\t\t\t\t\t\t\t\t\t<span class=\"elementor-icon-list-text\">Un hammam<\/span>\n\t\t\t\t\t\t\t\t\t<\/li>\n\t\t\t\t\t\t<\/ul>\n\t\t\t\t\t\t<\/div>\n\t\t\t\t<\/div>\n\t\t\t\t<\/div>\n\t\t\t\t\t<\/div>\n\t\t\t\t<\/div>\n\t\t<div class=\"elementor-element elementor-element-56e2658 e-flex e-con-boxed e-con e-parent\" data-id=\"56e2658\" data-element_type=\"container\" data-settings=\"{&quot;background_background&quot;:&quot;classic&quot;}\">\n\t\t\t\t\t<div class=\"e-con-inner\">\n\t\t<div class=\"elementor-element elementor-element-189ca29 e-con-full e-flex e-con e-child\" data-id=\"189ca29\" data-element_type=\"container\" data-settings=\"{&quot;background_background&quot;:&quot;classic&quot;}\">\n\t\t\t\t<div class=\"elementor-element elementor-element-7e9a18e elementor-widget elementor-widget-shortcode\" data-id=\"7e9a18e\" data-element_type=\"widget\" data-widget_type=\"shortcode.default\">\n\t\t\t\t<div class=\"elementor-widget-container\">\n\t\t\t\t\t\t\t<div class=\"elementor-shortcode\"><\/div>\n\t\t\t\t\t\t<\/div>\n\t\t\t\t<\/div>\n\t\t\t\t<div class=\"elementor-element elementor-element-e7a3b6f elementor-alert-info elementor-widget elementor-widget-alert\" data-id=\"e7a3b6f\" data-element_type=\"widget\" data-widget_type=\"alert.default\">\n\t\t\t\t<div class=\"elementor-widget-container\">\n\t\t\t\t\t\t\t<div class=\"elementor-alert\" role=\"alert\">\n\n\t\t\t\t\t\t<span class=\"elementor-alert-title\">Le prix comprend :<\/span>\n\t\t\t\n\t\t\t\t\t\t<span class=\"elementor-alert-description\">  \u2713 Linge de lit (lits faits \u00e0 votre arriv\u00e9e)\n  \u2713 Acc\u00e8s \u00e0 l'espace d\u00e9tente<\/span>\n\t\t\t\n\t\t\t\t\t\t<button type=\"button\" class=\"elementor-alert-dismiss\" aria-label=\"Ignorer cette alerte.\">\n\t\t\t\t\t\t\t\t\t<span aria-hidden=\"true\">&times;<\/span>\n\t\t\t\t\t\t\t<\/button>\n\t\t\t\n\t\t<\/div>\n\t\t\t\t\t\t<\/div>\n\t\t\t\t<\/div>\n\t\t\t\t<\/div>\n\t\t\t\t\t<\/div>\n\t\t\t\t<\/div>\n\t\t\t\t<\/div>\n\t\t","protected":false},"excerpt":{"rendered":"<p>Effectuer v\u00f4tres pr\u00e9-r\u00e9servation ici ! Chalet 8 Personnes 4 Chambres 3 salles de bain Une salle de sport Un hammam Le prix comprend : \u2713 Linge de lit (lits faits \u00e0 votre arriv\u00e9e) \u2713 Acc\u00e8s \u00e0 l&rsquo;espace d\u00e9tente &times;<\/p>\n","protected":false},"author":1,"featured_media":0,"parent":0,"menu_order":0,"comment_status":"closed","ping_status":"closed","template":"","meta":{"footnotes":""},"class_list":["post-600","page","type-page","status-publish","hentry"],"yoast_head":"<!-- This site is optimized with the Yoast SEO plugin v26.8 - https:\/\/yoast.com\/product\/yoast-seo-wordpress\/ -->\n<title>RESERVER - Chalet L&#039;Angelina<\/title>\n<meta name=\"robots\" content=\"index, follow, max-snippet:-1, max-image-preview:large, max-video-preview:-1\" \/>\n<link rel=\"canonical\" href=\"https:\/\/chaletlangelina.com\/index.php\/reserver\/\" \/>\n<meta property=\"og:locale\" content=\"fr_FR\" \/>\n<meta property=\"og:type\" content=\"article\" \/>\n<meta property=\"og:title\" content=\"RESERVER - Chalet L&#039;Angelina\" \/>\n<meta property=\"og:description\" content=\"Effectuer v\u00f4tres pr\u00e9-r\u00e9servation ici ! Chalet 8 Personnes 4 Chambres 3 salles de bain Une salle de sport Un hammam Le prix comprend : \u2713 Linge de lit (lits faits \u00e0 votre arriv\u00e9e) \u2713 Acc\u00e8s \u00e0 l&rsquo;espace d\u00e9tente &times;\" \/>\n<meta property=\"og:url\" content=\"https:\/\/chaletlangelina.com\/index.php\/reserver\/\" \/>\n<meta property=\"og:site_name\" content=\"Chalet L&#039;Angelina\" \/>\n<meta property=\"article:modified_time\" content=\"2026-02-13T19:19:54+00:00\" \/>\n<meta name=\"twitter:card\" content=\"summary_large_image\" \/>\n<script type=\"application\/ld+json\" class=\"yoast-schema-graph\">{\"@context\":\"https:\/\/schema.org\",\"@graph\":[{\"@type\":\"WebPage\",\"@id\":\"https:\/\/chaletlangelina.com\/index.php\/reserver\/\",\"url\":\"https:\/\/chaletlangelina.com\/index.php\/reserver\/\",\"name\":\"RESERVER - Chalet L&#039;Angelina\",\"isPartOf\":{\"@id\":\"https:\/\/chaletlangelina.com\/#website\"},\"datePublished\":\"2025-12-17T17:48:25+00:00\",\"dateModified\":\"2026-02-13T19:19:54+00:00\",\"breadcrumb\":{\"@id\":\"https:\/\/chaletlangelina.com\/index.php\/reserver\/#breadcrumb\"},\"inLanguage\":\"fr-FR\",\"potentialAction\":[{\"@type\":\"ReadAction\",\"target\":[\"https:\/\/chaletlangelina.com\/index.php\/reserver\/\"]}]},{\"@type\":\"BreadcrumbList\",\"@id\":\"https:\/\/chaletlangelina.com\/index.php\/reserver\/#breadcrumb\",\"itemListElement\":[{\"@type\":\"ListItem\",\"position\":1,\"name\":\"Accueil\",\"item\":\"https:\/\/chaletlangelina.com\/\"},{\"@type\":\"ListItem\",\"position\":2,\"name\":\"RESERVER\"}]},{\"@type\":\"WebSite\",\"@id\":\"https:\/\/chaletlangelina.com\/#website\",\"url\":\"https:\/\/chaletlangelina.com\/\",\"name\":\"Chalet L'Angelina\",\"description\":\"\",\"publisher\":{\"@id\":\"https:\/\/chaletlangelina.com\/#organization\"},\"potentialAction\":[{\"@type\":\"SearchAction\",\"target\":{\"@type\":\"EntryPoint\",\"urlTemplate\":\"https:\/\/chaletlangelina.com\/?s={search_term_string}\"},\"query-input\":{\"@type\":\"PropertyValueSpecification\",\"valueRequired\":true,\"valueName\":\"search_term_string\"}}],\"inLanguage\":\"fr-FR\"},{\"@type\":\"Organization\",\"@id\":\"https:\/\/chaletlangelina.com\/#organization\",\"name\":\"Chalet L'Angelina\",\"url\":\"https:\/\/chaletlangelina.com\/\",\"logo\":{\"@type\":\"ImageObject\",\"inLanguage\":\"fr-FR\",\"@id\":\"https:\/\/chaletlangelina.com\/#\/schema\/logo\/image\/\",\"url\":\"https:\/\/chaletlangelina.com\/wp-content\/uploads\/2026\/01\/cropped-Logo.png\",\"contentUrl\":\"https:\/\/chaletlangelina.com\/wp-content\/uploads\/2026\/01\/cropped-Logo.png\",\"width\":500,\"height\":358,\"caption\":\"Chalet L'Angelina\"},\"image\":{\"@id\":\"https:\/\/chaletlangelina.com\/#\/schema\/logo\/image\/\"}}]}<\/script>\n<!-- \/ Yoast SEO plugin. -->","yoast_head_json":{"title":"RESERVER - Chalet L&#039;Angelina","robots":{"index":"index","follow":"follow","max-snippet":"max-snippet:-1","max-image-preview":"max-image-preview:large","max-video-preview":"max-video-preview:-1"},"canonical":"https:\/\/chaletlangelina.com\/index.php\/reserver\/","og_locale":"fr_FR","og_type":"article","og_title":"RESERVER - Chalet L&#039;Angelina","og_description":"Effectuer v\u00f4tres pr\u00e9-r\u00e9servation ici ! Chalet 8 Personnes 4 Chambres 3 salles de bain Une salle de sport Un hammam Le prix comprend : \u2713 Linge de lit (lits faits \u00e0 votre arriv\u00e9e) \u2713 Acc\u00e8s \u00e0 l&rsquo;espace d\u00e9tente &times;","og_url":"https:\/\/chaletlangelina.com\/index.php\/reserver\/","og_site_name":"Chalet L&#039;Angelina","article_modified_time":"2026-02-13T19:19:54+00:00","twitter_card":"summary_large_image","schema":{"@context":"https:\/\/schema.org","@graph":[{"@type":"WebPage","@id":"https:\/\/chaletlangelina.com\/index.php\/reserver\/","url":"https:\/\/chaletlangelina.com\/index.php\/reserver\/","name":"RESERVER - Chalet L&#039;Angelina","isPartOf":{"@id":"https:\/\/chaletlangelina.com\/#website"},"datePublished":"2025-12-17T17:48:25+00:00","dateModified":"2026-02-13T19:19:54+00:00","breadcrumb":{"@id":"https:\/\/chaletlangelina.com\/index.php\/reserver\/#breadcrumb"},"inLanguage":"fr-FR","potentialAction":[{"@type":"ReadAction","target":["https:\/\/chaletlangelina.com\/index.php\/reserver\/"]}]},{"@type":"BreadcrumbList","@id":"https:\/\/chaletlangelina.com\/index.php\/reserver\/#breadcrumb","itemListElement":[{"@type":"ListItem","position":1,"name":"Accueil","item":"https:\/\/chaletlangelina.com\/"},{"@type":"ListItem","position":2,"name":"RESERVER"}]},{"@type":"WebSite","@id":"https:\/\/chaletlangelina.com\/#website","url":"https:\/\/chaletlangelina.com\/","name":"Chalet L'Angelina","description":"","publisher":{"@id":"https:\/\/chaletlangelina.com\/#organization"},"potentialAction":[{"@type":"SearchAction","target":{"@type":"EntryPoint","urlTemplate":"https:\/\/chaletlangelina.com\/?s={search_term_string}"},"query-input":{"@type":"PropertyValueSpecification","valueRequired":true,"valueName":"search_term_string"}}],"inLanguage":"fr-FR"},{"@type":"Organization","@id":"https:\/\/chaletlangelina.com\/#organization","name":"Chalet L'Angelina","url":"https:\/\/chaletlangelina.com\/","logo":{"@type":"ImageObject","inLanguage":"fr-FR","@id":"https:\/\/chaletlangelina.com\/#\/schema\/logo\/image\/","url":"https:\/\/chaletlangelina.com\/wp-content\/uploads\/2026\/01\/cropped-Logo.png","contentUrl":"https:\/\/chaletlangelina.com\/wp-content\/uploads\/2026\/01\/cropped-Logo.png","width":500,"height":358,"caption":"Chalet L'Angelina"},"image":{"@id":"https:\/\/chaletlangelina.com\/#\/schema\/logo\/image\/"}}]}},"jetpack_sharing_enabled":true,"_links":{"self":[{"href":"https:\/\/chaletlangelina.com\/index.php\/wp-json\/wp\/v2\/pages\/600","targetHints":{"allow":["GET"]}}],"collection":[{"href":"https:\/\/chaletlangelina.com\/index.php\/wp-json\/wp\/v2\/pages"}],"about":[{"href":"https:\/\/chaletlangelina.com\/index.php\/wp-json\/wp\/v2\/types\/page"}],"author":[{"embeddable":true,"href":"https:\/\/chaletlangelina.com\/index.php\/wp-json\/wp\/v2\/users\/1"}],"replies":[{"embeddable":true,"href":"https:\/\/chaletlangelina.com\/index.php\/wp-json\/wp\/v2\/comments?post=600"}],"version-history":[{"count":19,"href":"https:\/\/chaletlangelina.com\/index.php\/wp-json\/wp\/v2\/pages\/600\/revisions"}],"predecessor-version":[{"id":689,"href":"https:\/\/chaletlangelina.com\/index.php\/wp-json\/wp\/v2\/pages\/600\/revisions\/689"}],"wp:attachment":[{"href":"https:\/\/chaletlangelina.com\/index.php\/wp-json\/wp\/v2\/media?parent=600"}],"curies":[{"name":"wp","href":"https:\/\/api.w.org\/{rel}","templated":true}]}}