{"id":409,"date":"2025-11-29T17:58:47","date_gmt":"2025-11-29T17:58:47","guid":{"rendered":"https:\/\/chaletlangelina.esdi.ovh\/?page_id=409"},"modified":"2025-11-30T18:14:45","modified_gmt":"2025-11-30T18:14:45","slug":"a-emporter","status":"publish","type":"page","link":"https:\/\/chaletlangelina.com\/index.php\/a-emporter\/","title":{"rendered":"A EMPORTER"},"content":{"rendered":"\t\t<div data-elementor-type=\"wp-page\" data-elementor-id=\"409\" class=\"elementor elementor-409\" data-elementor-post-type=\"page\">\n\t\t\t\t<div class=\"elementor-element elementor-element-81a10e9 e-flex e-con-boxed e-con e-parent\" data-id=\"81a10e9\" data-element_type=\"container\" data-settings=\"{&quot;background_background&quot;:&quot;classic&quot;}\">\n\t\t\t\t\t<div class=\"e-con-inner\">\n\t\t\t\t<div class=\"elementor-element elementor-element-6fd049d elementor-headline--style-highlight elementor-widget elementor-widget-animated-headline\" data-id=\"6fd049d\" data-element_type=\"widget\" data-settings=\"{&quot;marker&quot;:&quot;underline_zigzag&quot;,&quot;highlighted_text&quot;:&quot;emporter&quot;,&quot;highlight_iteration_delay&quot;:3000,&quot;headline_style&quot;:&quot;highlight&quot;,&quot;loop&quot;:&quot;yes&quot;,&quot;highlight_animation_duration&quot;:1200}\" data-widget_type=\"animated-headline.default\">\n\t\t\t\t<div class=\"elementor-widget-container\">\n\t\t\t\t\t\t\t<h3 class=\"elementor-headline\">\n\t\t\t\t\t<span class=\"elementor-headline-plain-text elementor-headline-text-wrapper\">Nos formules \u00e0<\/span>\n\t\t\t\t<span class=\"elementor-headline-dynamic-wrapper elementor-headline-text-wrapper\">\n\t\t\t\t\t<span class=\"elementor-headline-dynamic-text elementor-headline-text-active\">emporter<\/span>\n\t\t\t\t<\/span>\n\t\t\t\t<\/h3>\n\t\t\t\t\t\t<\/div>\n\t\t\t\t<\/div>\n\t\t\t\t\t<\/div>\n\t\t\t\t<\/div>\n\t\t<div class=\"elementor-element elementor-element-df63186 e-flex e-con-boxed e-con e-parent\" data-id=\"df63186\" data-element_type=\"container\" data-settings=\"{&quot;background_background&quot;:&quot;classic&quot;,&quot;background_motion_fx_motion_fx_scrolling&quot;:&quot;yes&quot;,&quot;background_motion_fx_translateY_effect&quot;:&quot;yes&quot;,&quot;background_motion_fx_translateY_speed&quot;:{&quot;unit&quot;:&quot;px&quot;,&quot;size&quot;:3.5,&quot;sizes&quot;:[]},&quot;background_motion_fx_translateY_affectedRange&quot;:{&quot;unit&quot;:&quot;%&quot;,&quot;size&quot;:&quot;&quot;,&quot;sizes&quot;:{&quot;start&quot;:0,&quot;end&quot;:100}},&quot;background_motion_fx_devices&quot;:[&quot;desktop&quot;,&quot;tablet&quot;,&quot;mobile&quot;]}\">\n\t\t\t\t\t<div class=\"e-con-inner\">\n\t\t<div class=\"elementor-element elementor-element-df09a8d e-con-full e-transform e-flex e-con e-child\" data-id=\"df09a8d\" data-element_type=\"container\" data-settings=\"{&quot;background_background&quot;:&quot;classic&quot;,&quot;_transform_rotateZ_effect&quot;:{&quot;unit&quot;:&quot;px&quot;,&quot;size&quot;:-4,&quot;sizes&quot;:[]},&quot;_transform_rotateZ_effect_tablet&quot;:{&quot;unit&quot;:&quot;deg&quot;,&quot;size&quot;:&quot;&quot;,&quot;sizes&quot;:[]},&quot;_transform_rotateZ_effect_mobile&quot;:{&quot;unit&quot;:&quot;deg&quot;,&quot;size&quot;:&quot;&quot;,&quot;sizes&quot;:[]}}\">\n\t\t<div class=\"elementor-element elementor-element-e910e5a e-con-full e-flex elementor-invisible e-con e-child\" data-id=\"e910e5a\" data-element_type=\"container\" data-settings=\"{&quot;background_background&quot;:&quot;classic&quot;,&quot;motion_fx_motion_fx_scrolling&quot;:&quot;yes&quot;,&quot;animation&quot;:&quot;fadeInLeft&quot;,&quot;motion_fx_devices&quot;:[&quot;desktop&quot;,&quot;tablet&quot;,&quot;mobile&quot;]}\">\n\t\t\t\t<div class=\"elementor-element elementor-element-46d9a07 elementor-widget elementor-widget-text-editor\" data-id=\"46d9a07\" data-element_type=\"widget\" data-settings=\"{&quot;motion_fx_motion_fx_scrolling&quot;:&quot;yes&quot;,&quot;motion_fx_devices&quot;:[&quot;desktop&quot;,&quot;tablet&quot;,&quot;mobile&quot;]}\" data-widget_type=\"text-editor.default\">\n\t\t\t\t<div class=\"elementor-widget-container\">\n\t\t\t\t\t\t\t\t\t<p>Pour profiter pleinement des saveurs de nos montagnes \u00e0 la maison, nous proposons :<\/p>\t\t\t\t\t\t\t\t<\/div>\n\t\t\t\t<\/div>\n\t\t\t\t<\/div>\n\t\t\t\t<\/div>\n\t\t<div class=\"elementor-element elementor-element-b37c0ec e-con-full e-flex e-con e-child\" data-id=\"b37c0ec\" data-element_type=\"container\" data-settings=\"{&quot;background_background&quot;:&quot;classic&quot;}\">\n\t\t<div class=\"elementor-element elementor-element-f1608b8 e-con-full e-flex elementor-invisible e-con e-child\" data-id=\"f1608b8\" data-element_type=\"container\" data-settings=\"{&quot;background_background&quot;:&quot;classic&quot;,&quot;motion_fx_motion_fx_scrolling&quot;:&quot;yes&quot;,&quot;animation&quot;:&quot;fadeInRight&quot;,&quot;animation_delay&quot;:500,&quot;motion_fx_devices&quot;:[&quot;desktop&quot;,&quot;tablet&quot;,&quot;mobile&quot;]}\">\n\t\t\t\t<div class=\"elementor-element elementor-element-090ce84 elementor-widget elementor-widget-text-editor\" data-id=\"090ce84\" data-element_type=\"widget\" data-widget_type=\"text-editor.default\">\n\t\t\t\t<div class=\"elementor-widget-container\">\n\t\t\t\t\t\t\t\t\t<ul><li>\u00a0Plateaux raclette : fromages et charcuterie soigneusement s\u00e9lectionn\u00e9s, pr\u00eats \u00e0 partager en famille ou entre amis.<\/li><li>Fondues \u00e0 emporter : M\u00e9lange de fromages r\u00e2p\u00e9s par nos soins, vin, pain inclus, pour un d\u00eener convivial et authentique.<\/li><li>Plateaux ap\u00e9ritif avec assortiment de charcuteries et fromages<\/li><li>\u00a0Plateaux de charcuteries<\/li><\/ul>\t\t\t\t\t\t\t\t<\/div>\n\t\t\t\t<\/div>\n\t\t\t\t<\/div>\n\t\t\t\t<\/div>\n\t\t<div class=\"elementor-element elementor-element-c5e3a15 e-con-full e-transform e-flex e-con e-child\" data-id=\"c5e3a15\" data-element_type=\"container\" data-settings=\"{&quot;_transform_rotateZ_effect&quot;:{&quot;unit&quot;:&quot;px&quot;,&quot;size&quot;:4,&quot;sizes&quot;:[]},&quot;_transform_rotateZ_effect_tablet&quot;:{&quot;unit&quot;:&quot;deg&quot;,&quot;size&quot;:&quot;&quot;,&quot;sizes&quot;:[]},&quot;_transform_rotateZ_effect_mobile&quot;:{&quot;unit&quot;:&quot;deg&quot;,&quot;size&quot;:&quot;&quot;,&quot;sizes&quot;:[]}}\">\n\t\t<div class=\"elementor-element elementor-element-bfe5291 e-con-full e-flex elementor-invisible e-con e-child\" data-id=\"bfe5291\" data-element_type=\"container\" data-settings=\"{&quot;background_background&quot;:&quot;classic&quot;,&quot;motion_fx_motion_fx_scrolling&quot;:&quot;yes&quot;,&quot;animation&quot;:&quot;fadeInUp&quot;,&quot;animation_delay&quot;:1000,&quot;motion_fx_devices&quot;:[&quot;desktop&quot;,&quot;tablet&quot;,&quot;mobile&quot;]}\">\n\t\t\t\t<div class=\"elementor-element elementor-element-9a04883 elementor-widget elementor-widget-text-editor\" data-id=\"9a04883\" data-element_type=\"widget\" data-widget_type=\"text-editor.default\">\n\t\t\t\t<div class=\"elementor-widget-container\">\n\t\t\t\t\t\t\t\t\t<p>Elles refl\u00e8tent notre philosophie : simplicit\u00e9, qualit\u00e9 et plaisir partag\u00e9 autour des saveurs savoyardes.<\/p>\t\t\t\t\t\t\t\t<\/div>\n\t\t\t\t<\/div>\n\t\t\t\t<\/div>\n\t\t\t\t<\/div>\n\t\t\t\t\t<\/div>\n\t\t\t\t<\/div>\n\t\t<div class=\"elementor-element elementor-element-93ec01d e-flex e-con-boxed e-con e-parent\" data-id=\"93ec01d\" data-element_type=\"container\">\n\t\t\t\t\t<div class=\"e-con-inner\">\n\t\t\t\t\t<\/div>\n\t\t\t\t<\/div>\n\t\t\t\t<\/div>\n\t\t","protected":false},"excerpt":{"rendered":"<p>Nos formules \u00e0 emporter Pour profiter pleinement des saveurs de nos montagnes \u00e0 la maison, nous proposons : \u00a0Plateaux raclette : fromages et charcuterie soigneusement s\u00e9lectionn\u00e9s, pr\u00eats \u00e0 partager en famille ou entre amis. Fondues \u00e0 emporter : M\u00e9lange de fromages r\u00e2p\u00e9s par nos soins, vin, pain inclus, pour un d\u00eener convivial et authentique. Plateaux [&hellip;]<\/p>\n","protected":false},"author":1,"featured_media":0,"parent":0,"menu_order":0,"comment_status":"closed","ping_status":"closed","template":"","meta":{"footnotes":""},"class_list":["post-409","page","type-page","status-publish","hentry"],"yoast_head":"<!-- This site is optimized with the Yoast SEO plugin v26.8 - https:\/\/yoast.com\/product\/yoast-seo-wordpress\/ -->\n<title>A EMPORTER - Chalet L&#039;Angelina<\/title>\n<meta name=\"robots\" content=\"index, follow, max-snippet:-1, max-image-preview:large, max-video-preview:-1\" \/>\n<link rel=\"canonical\" href=\"https:\/\/chaletlangelina.com\/index.php\/a-emporter\/\" \/>\n<meta property=\"og:locale\" content=\"fr_FR\" \/>\n<meta property=\"og:type\" content=\"article\" \/>\n<meta property=\"og:title\" content=\"A EMPORTER - Chalet L&#039;Angelina\" \/>\n<meta property=\"og:description\" content=\"Nos formules \u00e0 emporter Pour profiter pleinement des saveurs de nos montagnes \u00e0 la maison, nous proposons : \u00a0Plateaux raclette : fromages et charcuterie soigneusement s\u00e9lectionn\u00e9s, pr\u00eats \u00e0 partager en famille ou entre amis. Fondues \u00e0 emporter : M\u00e9lange de fromages r\u00e2p\u00e9s par nos soins, vin, pain inclus, pour un d\u00eener convivial et authentique. Plateaux [&hellip;]\" \/>\n<meta property=\"og:url\" content=\"https:\/\/chaletlangelina.com\/index.php\/a-emporter\/\" \/>\n<meta property=\"og:site_name\" content=\"Chalet L&#039;Angelina\" \/>\n<meta property=\"article:modified_time\" content=\"2025-11-30T18:14:45+00:00\" \/>\n<meta name=\"twitter:card\" content=\"summary_large_image\" \/>\n<meta name=\"twitter:label1\" content=\"Dur\u00e9e de lecture estim\u00e9e\" \/>\n\t<meta name=\"twitter:data1\" content=\"1 minute\" \/>\n<script type=\"application\/ld+json\" class=\"yoast-schema-graph\">{\"@context\":\"https:\/\/schema.org\",\"@graph\":[{\"@type\":\"WebPage\",\"@id\":\"https:\/\/chaletlangelina.com\/index.php\/a-emporter\/\",\"url\":\"https:\/\/chaletlangelina.com\/index.php\/a-emporter\/\",\"name\":\"A EMPORTER - Chalet L&#039;Angelina\",\"isPartOf\":{\"@id\":\"https:\/\/chaletlangelina.com\/#website\"},\"datePublished\":\"2025-11-29T17:58:47+00:00\",\"dateModified\":\"2025-11-30T18:14:45+00:00\",\"breadcrumb\":{\"@id\":\"https:\/\/chaletlangelina.com\/index.php\/a-emporter\/#breadcrumb\"},\"inLanguage\":\"fr-FR\",\"potentialAction\":[{\"@type\":\"ReadAction\",\"target\":[\"https:\/\/chaletlangelina.com\/index.php\/a-emporter\/\"]}]},{\"@type\":\"BreadcrumbList\",\"@id\":\"https:\/\/chaletlangelina.com\/index.php\/a-emporter\/#breadcrumb\",\"itemListElement\":[{\"@type\":\"ListItem\",\"position\":1,\"name\":\"Accueil\",\"item\":\"https:\/\/chaletlangelina.com\/\"},{\"@type\":\"ListItem\",\"position\":2,\"name\":\"A EMPORTER\"}]},{\"@type\":\"WebSite\",\"@id\":\"https:\/\/chaletlangelina.com\/#website\",\"url\":\"https:\/\/chaletlangelina.com\/\",\"name\":\"Chalet L'Angelina\",\"description\":\"\",\"publisher\":{\"@id\":\"https:\/\/chaletlangelina.com\/#organization\"},\"potentialAction\":[{\"@type\":\"SearchAction\",\"target\":{\"@type\":\"EntryPoint\",\"urlTemplate\":\"https:\/\/chaletlangelina.com\/?s={search_term_string}\"},\"query-input\":{\"@type\":\"PropertyValueSpecification\",\"valueRequired\":true,\"valueName\":\"search_term_string\"}}],\"inLanguage\":\"fr-FR\"},{\"@type\":\"Organization\",\"@id\":\"https:\/\/chaletlangelina.com\/#organization\",\"name\":\"Chalet L'Angelina\",\"url\":\"https:\/\/chaletlangelina.com\/\",\"logo\":{\"@type\":\"ImageObject\",\"inLanguage\":\"fr-FR\",\"@id\":\"https:\/\/chaletlangelina.com\/#\/schema\/logo\/image\/\",\"url\":\"https:\/\/chaletlangelina.com\/wp-content\/uploads\/2026\/01\/cropped-Logo.png\",\"contentUrl\":\"https:\/\/chaletlangelina.com\/wp-content\/uploads\/2026\/01\/cropped-Logo.png\",\"width\":500,\"height\":358,\"caption\":\"Chalet L'Angelina\"},\"image\":{\"@id\":\"https:\/\/chaletlangelina.com\/#\/schema\/logo\/image\/\"}}]}<\/script>\n<!-- \/ Yoast SEO plugin. -->","yoast_head_json":{"title":"A EMPORTER - Chalet L&#039;Angelina","robots":{"index":"index","follow":"follow","max-snippet":"max-snippet:-1","max-image-preview":"max-image-preview:large","max-video-preview":"max-video-preview:-1"},"canonical":"https:\/\/chaletlangelina.com\/index.php\/a-emporter\/","og_locale":"fr_FR","og_type":"article","og_title":"A EMPORTER - Chalet L&#039;Angelina","og_description":"Nos formules \u00e0 emporter Pour profiter pleinement des saveurs de nos montagnes \u00e0 la maison, nous proposons : \u00a0Plateaux raclette : fromages et charcuterie soigneusement s\u00e9lectionn\u00e9s, pr\u00eats \u00e0 partager en famille ou entre amis. Fondues \u00e0 emporter : M\u00e9lange de fromages r\u00e2p\u00e9s par nos soins, vin, pain inclus, pour un d\u00eener convivial et authentique. Plateaux [&hellip;]","og_url":"https:\/\/chaletlangelina.com\/index.php\/a-emporter\/","og_site_name":"Chalet L&#039;Angelina","article_modified_time":"2025-11-30T18:14:45+00:00","twitter_card":"summary_large_image","twitter_misc":{"Dur\u00e9e de lecture estim\u00e9e":"1 minute"},"schema":{"@context":"https:\/\/schema.org","@graph":[{"@type":"WebPage","@id":"https:\/\/chaletlangelina.com\/index.php\/a-emporter\/","url":"https:\/\/chaletlangelina.com\/index.php\/a-emporter\/","name":"A EMPORTER - Chalet L&#039;Angelina","isPartOf":{"@id":"https:\/\/chaletlangelina.com\/#website"},"datePublished":"2025-11-29T17:58:47+00:00","dateModified":"2025-11-30T18:14:45+00:00","breadcrumb":{"@id":"https:\/\/chaletlangelina.com\/index.php\/a-emporter\/#breadcrumb"},"inLanguage":"fr-FR","potentialAction":[{"@type":"ReadAction","target":["https:\/\/chaletlangelina.com\/index.php\/a-emporter\/"]}]},{"@type":"BreadcrumbList","@id":"https:\/\/chaletlangelina.com\/index.php\/a-emporter\/#breadcrumb","itemListElement":[{"@type":"ListItem","position":1,"name":"Accueil","item":"https:\/\/chaletlangelina.com\/"},{"@type":"ListItem","position":2,"name":"A EMPORTER"}]},{"@type":"WebSite","@id":"https:\/\/chaletlangelina.com\/#website","url":"https:\/\/chaletlangelina.com\/","name":"Chalet L'Angelina","description":"","publisher":{"@id":"https:\/\/chaletlangelina.com\/#organization"},"potentialAction":[{"@type":"SearchAction","target":{"@type":"EntryPoint","urlTemplate":"https:\/\/chaletlangelina.com\/?s={search_term_string}"},"query-input":{"@type":"PropertyValueSpecification","valueRequired":true,"valueName":"search_term_string"}}],"inLanguage":"fr-FR"},{"@type":"Organization","@id":"https:\/\/chaletlangelina.com\/#organization","name":"Chalet L'Angelina","url":"https:\/\/chaletlangelina.com\/","logo":{"@type":"ImageObject","inLanguage":"fr-FR","@id":"https:\/\/chaletlangelina.com\/#\/schema\/logo\/image\/","url":"https:\/\/chaletlangelina.com\/wp-content\/uploads\/2026\/01\/cropped-Logo.png","contentUrl":"https:\/\/chaletlangelina.com\/wp-content\/uploads\/2026\/01\/cropped-Logo.png","width":500,"height":358,"caption":"Chalet L'Angelina"},"image":{"@id":"https:\/\/chaletlangelina.com\/#\/schema\/logo\/image\/"}}]}},"jetpack_sharing_enabled":true,"_links":{"self":[{"href":"https:\/\/chaletlangelina.com\/index.php\/wp-json\/wp\/v2\/pages\/409","targetHints":{"allow":["GET"]}}],"collection":[{"href":"https:\/\/chaletlangelina.com\/index.php\/wp-json\/wp\/v2\/pages"}],"about":[{"href":"https:\/\/chaletlangelina.com\/index.php\/wp-json\/wp\/v2\/types\/page"}],"author":[{"embeddable":true,"href":"https:\/\/chaletlangelina.com\/index.php\/wp-json\/wp\/v2\/users\/1"}],"replies":[{"embeddable":true,"href":"https:\/\/chaletlangelina.com\/index.php\/wp-json\/wp\/v2\/comments?post=409"}],"version-history":[{"count":25,"href":"https:\/\/chaletlangelina.com\/index.php\/wp-json\/wp\/v2\/pages\/409\/revisions"}],"predecessor-version":[{"id":548,"href":"https:\/\/chaletlangelina.com\/index.php\/wp-json\/wp\/v2\/pages\/409\/revisions\/548"}],"wp:attachment":[{"href":"https:\/\/chaletlangelina.com\/index.php\/wp-json\/wp\/v2\/media?parent=409"}],"curies":[{"name":"wp","href":"https:\/\/api.w.org\/{rel}","templated":true}]}}